mine q(a).
-17
Let a(w) = -w**3 - 4*w**2 - 5*w - 4. Suppose 3*x + 3*x + 24 = 0. What is a(x)?
16
Suppose -4*p = -2*y - 2*p, 5*y = 2*p + 3. Suppose 5 = 3*v - y. Let s(f) = 3*f**2 - f - 2. What is s(v)?
8
Let b be 5 + (-3)/(3/2 + -3). Let h(o) = o**3 - 7*o**2 + o - 7. Give h(b).
0
Let o(d) = -d**2 + 6*d - 6. Let s be (1/(-3))/((-4)/72). Determine o(s).
-6
Let h(y) = y**3 - 3*y**2 - 11*y - 1. Let l be h(5). Let k(r) = r + 4. What is k(l)?
-2
Let l be 0/(-2)*1/2. Suppose -4*y = -l*y + 4. Let r(c) = 5*c**2 + 2 + 5*c**2 - 1 + 2*c. What is r(y)?
9
Let j(b) = 3*b - 14. Let f(p) = 2*p - 7. Let d(q) = 7*f(q) - 4*j(q). Let y(u) = -6*u - 20. Let t(m) = 8*d(m) + 3*y(m). Calculate t(-3).
2
Let c(v) be the first derivative of -2*v**3/3 - 7*v**2/2 - 5*v + 8. Determine c(-4).
-9
Let m(j) = 6*j**2 + j - 1. Let i be m(1). Let d(g) be the second derivative of 0*g**2 + 0 - 1/6*g**3 - 7*g. Determine d(i).
-6
Let s(l) = 5*l**3 - l**2 - l + 13. Let n(u) = 6*u**3 - u**2 - u + 14. Let d(b) = -4*n(b) + 5*s(b). Give d(0).
9
Let b(m) = m - 1 - 2 - 2 + 1. Let v(t) = t**2 - 2*t + 3. Let u be v(2). Suppose 5*l = f - 25, u*f - 45 = 5*l - 10. Calculate b(f).
1
Suppose 17*j - 1 = 16*j. Let a(z) = -12*z + 1. Calculate a(j).
-11
Let x(p) = -p**3 + 2*p**2 + 2*p - 3. Let a(v) = -3*v - 2. Let b be a(-2). Suppose b*c - 10 = -3*s, 0*c - c = s - 3. Determine x(s).
1
Let q(z) = -z - 9. Let m(p) = 1. Let v(w) = w**3 + 4*w**2 - 2*w - 6. Let b be v(-4). Let g be 12/(-9)*(-3)/b. Let y(a) = g*m(a) + q(a). Give y(-5).
-2
Let d(s) = 2*s**3 + 4*s**2 - 3*s - 3. Let b(x) = x**3 + 4*x**2 - 2*x - 2. Suppose 12 = -g + 5*g. Let y(c) = g*b(c) - 2*d(c). Determine y(4).
0
Let l(o) = o**3 + 7*o**2 + 6*o + 1. Let v be l(-6). Let r be v + 2/(-2) + -1. Let b(z) = -2*z**3 + 1 + 0 + 3*z - 2*z. What is b(r)?
2
Let s(f) be the first derivative of f - 7/2*f**2 - 2. Give s(-1).
8
Let h(w) = -11*w**2 - w + 1. Let x(b) = -10*b**2 - b + 1. Let i(f) = 5*h(f) - 6*x(f). Give i(1).
5
Let g(c) = c**2 + 8*c - 5. Let z be g(-9). Let w(f) = 0*f + 1 - f + z. Determine w(5).
0
Suppose 2*q = -0*q - 2. Let a(g) = 1 + 4*g - 2 + g - 6*g + g**2 + 2*g**3. Calculate a(q).
-1
Let h = 6 + -3. Let p(g) = -4 - 2*g**2 - 2*g**3 + 4*g**3 - 3*g + g**h - 2*g**3. What is p(3)?
-4
Suppose -3*q + 3 - 15 = 0. Let y(r) = -r**2 - 5*r - 2. Calculate y(q).
2
Suppose s = 7 - 2. Let n(r) = -r + 4. Let w be n(s). Let q be (-2)/(-4) - w/(-2). Let l(a) = -a**3 + a**2 - a - 5. Calculate l(q).
-5
Let f(h) = 4*h + 0*h - 5*h. Let i = 19 - 16. Calculate f(i).
-3
Let p(o) = -o**3 - 6*o**2 + 2*o - 4. Let l(z) = -3*z**3 - 13*z**2 + 4*z - 7. Let j(g) = -2*l(g) + 5*p(g). Give j(4).
2
Let u(a) = a**2 - 1. Let z(g) = 3*g**2 + 6*g + 2. Let w(h) = -2*u(h) + z(h). Give w(-6).
4
Let b(p) = p**3 + 2*p**2 - 3*p + 1. Suppose 2*i - 2*g = 18, -i + 5*g + 19 = 2*g. Let q be (2/6)/(i/(-36)). Calculate b(q).
1
Let i = -5 - -15. Let y = i - 8. Let d(h) = 1 - 2*h + y*h - h**2 - 2*h + 0. Give d(1).
-2
Let r = -9 + 13. Let j(v) = -r + 0*v**2 + 0*v**2 + v**3 - 3*v**2 + 3*v + 0*v**2. What is j(3)?
5
Let m be (-1 + -2)/(-3) + 23. Suppose 0*c = 4*c - m. Let j(b) = -b**3 + 5*b**2 + 5*b + 2. What is j(c)?
-4
Suppose g = -3 - 0. Let t(k) = 2*k - 2*k**2 + k - 4 - k**3 - 2*k. Calculate t(g).
2
Let z = -4 - -5. Let s(u) = 4*u**3 - u + 1. Determine s(z).
4
Suppose a + 0*a + 3*d = 16, -5*d = -20. Let k(u) = -a*u - u + 3*u**2 - 2*u**3 + 5 + 2*u**2 + u**3. Determine k(4).
1
Let k = 1 - 0. Let i(j) = 4*j**3 + j**3 + k - j**2 + 0. Suppose 2 = 3*f - 1, -o - f = 0. What is i(o)?
-5
Let x(b) = -b**2 + 4*b + 5. Let z(a) = -2*a**2 + 3*a + 4. Let y(t) = 3*x(t) - 2*z(t). Let o(n) = n**3 + 4*n**2 + n - 1. Let m be o(-4). Give y(m).
2
Let j(w) = 2*w + 6. Suppose -12 = 2*g + g. Let p be j(g). Let l(t) = -4*t + 18 - 18 - 3*t**2 + 2*t**2. Give l(p).
4
Let d(m) be the second derivative of m**5/20 + m**3/2 - m**2/2 - 8*m. Give d(2).
13
Let a(i) be the first derivative of 5*i**3/3 + i**2 + i + 15. What is a(-1)?
4
Let m(t) be the second derivative of 0 - 1/3*t**3 + 4*t - 1/12*t**4 + 1/2*t**2. Give m(2).
-7
Let b(n) = n - 5. Let d(h) = -1. Let t(v) = b(v) - 2*d(v). Let x be 2/4 - 15/(-6). Give t(x).
0
Let u(r) = -r**2 - 10*r - 5. Let i be u(-9). Let d(c) = 2 - 2 + c + 3 - i. Give d(-5).
-6
Suppose 6*m = -178 + 202. Let s(n) = 2*n**3 + 2*n**2 + 3*n - 7. Let r(y) = -3*y**3 - y**2 - 4*y + 8. Let c(j) = 3*r(j) + 4*s(j). What is c(m)?
12
Suppose -4*w + 6 + 6 = 0. Let x(n) = -6*n - 5*n**2 - 4*n + 2*n**3 + 2*n + 3 - n**w. Give x(6).
-9
Let b(g) be the third derivative of 1/30*g**5 + 0*g + 0 + 2*g**2 + 1/3*g**3 + 5/24*g**4. Calculate b(-3).
5
Let n(s) = -4*s - 2. Let l(w) = -7*w - 3. Let f(g) = 3*l(g) - 5*n(g). Calculate f(-5).
6
Let g(q) = -q**2 + 4*q + 5. Let k = 2 - -3. Suppose -f - 5*m - 25 = -5, -m = k. Suppose -u = -f*u + 20. What is g(u)?
0
Let n(f) be the third derivative of -f**6/120 + f**5/60 + f**4/12 - f**3/2 - f**2. Let v be n(2). Let d(o) = o**2 + 3*o. What is d(v)?
0
Let n(x) be the second derivative of x**3/6 - x**2/2 + x. Suppose -7 = -2*o + 1. Determine n(o).
3
Let q(b) be the third derivative of b**9/60480 - b**7/5040 + b**6/80 - b**5/30 - b**2. Let v(h) be the third derivative of q(h). Let k = -3 + 3. Determine v(k).
9
Let y(z) be the first derivative of z + 5/3*z**3 + 0*z**2 + 1 - 1/4*z**4. Determine y(5).
1
Let q = 1 - -1. Let r(n) = -6 + q*n - 2*n + 5 - n. Calculate r(5).
-6
Let t(m) be the third derivative of m**4/24 + m**3/6 + 38*m**2. Give t(0).
1
Let m(j) = j**3. Suppose l + 20 = 5*l, 5*r - 5*l + 10 = 0. Let v be (-2)/6 + (-5)/r. Let q = v - -4. Give m(q).
8
Let k be 12/(-12) + 12/2. Let t(i) = -i**3 + 5*i**2 - 2. Determine t(k).
-2
Let l = 29 + -23. Let d(t) = 2*t - 21. Let n(m) = m - 11. Let u(x) = -2*d(x) + 5*n(x). Calculate u(l).
-7
Let d(y) be the first derivative of -1/3*y**3 + 0*y - 3 + 5/2*y**2. Calculate d(6).
-6
Let g(h) = -h**3 - 3*h**2 + 1. Let t = -31 - -29. What is g(t)?
-3
Let p(z) = -z - 3 - 1 + 4*z - z. What is p(-3)?
-10
Suppose 0 = 5*i + 5 - 15. Let o(t) = -t**3 + 2*t**2 - t. Calculate o(i).
-2
Let w(i) = 4*i - 3*i + 5 - 4. Let q be w(-1). Let y(n) = -16*n + 2. Let d(s) = -9*s + 1. Let f(b) = -7*d(b) + 4*y(b). Determine f(q).
1
Let x(y) = y + 1. Let h(q) = -3*q**2 + q - 9. Let u(w) = -5*w**2 + 2*w - 17. Let c(i) = 7*h(i) - 4*u(i). Let r(b) = c(b) - 4*x(b). Calculate r(-4).
5
Let l(j) be the first derivative of -j**2/2 + 4*j - 2. What is l(7)?
-3
Suppose -3*l = -2*k + l + 22, -15 = 3*l. Let t be k*(-2 - -2) + 18. Let w be 129/27 + 4/t. Let j(p) = -p + 7. Determine j(w).
2
Suppose -y - 2*k - 4 = 0, k = -2 - 2. Let g(s) = y*s**3 - 2*s + 4 - 2*s**3 - s**3 + 3*s**2 - 2*s**3. Determine g(3).
-2
Let b be (2 - (-9)/21) + 21/(-49). Let q = -1 + 7. Let a(n) = n**3 + 4*n**2 + 7*n + 6. Let r(z) = -z**2 - z - 1. Let h(l) = q*r(l) + a(l). What is h(b)?
2
Let q(u) = -u**2 - 6*u - 7. Suppose -4*p + 16 = 4*x, -3*p + 0 = -2*x - 2. Let z be 1 + -3 - (-8 - 1). Let n = p - z. What is q(n)?
-2
Suppose 13*n - 10*n + 21 = 0. Let s(u) = -4*u + 3*u - u + 3*u + 6. What is s(n)?
-1
Let v(g) = -g**3 + 4*g**2 + g - 3. Let m be v(4). Suppose -3*t - 14 = m. Let j(w) = -2*w - 3. Determine j(t).
7
Let j(p) = p**3 - 4*p**2 - 2*p + 4. Suppose -6*c = -9*c + 12. Give j(c).
-4
Let a(m) = 3*m - 6*m + 1 - 4 + 0. Suppose -5*o = 3*v - 4*v - 14, -v - 2*o = -14. Suppose -2*g - v = -3*r - 14, 5*g - 13 = 4*r. Give a(r).
3
Let f(i) be the first derivative of 1/3*i**3 - 2*i + 3/2*i**2 + 1. Suppose 79*w - 16 = 83*w. Calculate f(w).
2
Let z(x) be the first derivative of -x**4/12 + x**3 + 5*x**2/2 - 8*x - 6. Let r(n) be the first derivative of z(n). Determine r(6).
5
Let n = 5 - 3. Suppose -4*h - 4 = -4*q, 12 = h + n*h. Let x(t) = t**3 - 4*t**2 - 6*t + 1. Determine x(q).
-4
Let w(n) = -3*n**3 + 4*n**2 + 7*n. Let o(b) = b**3 - 1. Let r(p) = -2*o(p) - w(p). Determine r(5).
-8
Let u(w) = 4*w - 1. Let j = 19 - 14. Let l(x) = -3*x. Let s(t) = j*u(t) + 6*l(t). Calculate s(6).
7
Let m(t) = t - 1. Let q(z) = -5*z + 10. Let u(b) = 6*m(b) + q(b). Suppose 0 = 5*a + 38 - 18. Calculate u(a).
0
Let p(n) be the first derivative of n**4/4 - 2*n**3 - n**2/2 - 2*n + 1. Let r = -14 + 20. Suppose 0 = g - r. Calculate p(g).
-8
Let o be 1/((-100)/32 + 3). Let h(d) = d**3 + 9*d**2 + 9*d + 2. Determine h(o).
-6
Let g(b) = 3*b + 1 + 0 - b - b**3. 